{"version":"1.0","provider_name":"Photographes professionnels - Galerie photos &amp; affiches - Verbier","provider_url":"https:\/\/alpimages.ch\/en\/","author_name":"alpimages","author_url":"https:\/\/alpimages.ch\/en\/author\/alpimages1981\/","title":"Paysage - Photographes professionnels - Galerie photos &amp; affiches - Verbier","type":"rich","width":600,"height":338,"html":"<blockquote class=\"wp-embedded-content\" data-secret=\"JJuOuclzJb\"><a href=\"https:\/\/alpimages.ch\/en\/portfolio\/paysage\/\">Landscape<\/a><\/blockquote><iframe sandbox=\"allow-scripts\" security=\"restricted\" src=\"https:\/\/alpimages.ch\/en\/portfolio\/paysage\/embed\/#?secret=JJuOuclzJb\" width=\"600\" height=\"338\" title=\"&#8220;Paysage&#8221; &#8212; Photographes professionnels - Galerie photos &amp; affiches - Verbier\" data-secret=\"JJuOuclzJb\" frameborder=\"0\" marginwidth=\"0\" marginheight=\"0\" scrolling=\"no\" class=\"wp-embedded-content\"><\/iframe><script type=\"text\/javascript\">\n\/* <![CDATA[ *\/\n\/*! This file is auto-generated *\/\n!function(d,l){\"use strict\";l.querySelector&&d.addEventListener&&\"undefined\"!=typeof URL&&(d.wp=d.wp||{},d.wp.receiveEmbedMessage||(d.wp.receiveEmbedMessage=function(e){var t=e.data;if((t||t.secret||t.message||t.value)&&!\/[^a-zA-Z0-9]\/.test(t.secret)){for(var s,r,n,a=l.querySelectorAll('iframe[data-secret=\"'+t.secret+'\"]'),o=l.querySelectorAll('blockquote[data-secret=\"'+t.secret+'\"]'),c=new RegExp(\"^https?:$\",\"i\"),i=0;i<o.length;i++)o[i].style.display=\"none\";for(i=0;i<a.length;i++)s=a[i],e.source===s.contentWindow&&(s.removeAttribute(\"style\"),\"height\"===t.message?(1e3<(r=parseInt(t.value,10))?r=1e3:~~r<200&&(r=200),s.height=r):\"link\"===t.message&&(r=new URL(s.getAttribute(\"src\")),n=new URL(t.value),c.test(n.protocol))&&n.host===r.host&&l.activeElement===s&&(d.top.location.href=t.value))}},d.addEventListener(\"message\",d.wp.receiveEmbedMessage,!1),l.addEventListener(\"DOMContentLoaded\",function(){for(var e,t,s=l.querySelectorAll(\"iframe.wp-embedded-content\"),r=0;r<s.length;r++)(t=(e=s[r]).getAttribute(\"data-secret\"))||(t=Math.random().toString(36).substring(2,12),e.src+=\"#?secret=\"+t,e.setAttribute(\"data-secret\",t)),e.contentWindow.postMessage({message:\"ready\",secret:t},\"*\")},!1)))}(window,document);\n\/\/# sourceURL=https:\/\/alpimages.ch\/wp-includes\/js\/wp-embed.min.js\n\/* ]]> *\/\n<\/script>","thumbnail_url":"https:\/\/alpimages.ch\/wp-content\/uploads\/2015\/11\/\u00a9Alpimages-Thomas-Roulin-7805-1024x521.jpg","thumbnail_width":1024,"thumbnail_height":521,"description":"Pour d\u00e9couvrir Verbier sous tous ses angles, venez nous rencontrer et admirer&nbsp;nos panoramiques que nous pouvons vous tirer en multiples formats, en noir et blanc ou en couleur selon votre choix. Nos panoramiques sont \u00e9galement disponibles \u00e0 la vente, sur commande, par t\u00e9l\u00e9phone ou par email. Contactez-nous au +41 27 771 7722 ou par email&nbsp;alpimages@verbier.ch. [&hellip;]"}

Pour découvrir Verbier sous tous ses angles, venez nous rencontrer et admirer&nbsp;nos panoramiques que nous pouvons vous tirer en multiples formats, en noir et blanc ou en couleur selon votre choix. Nos panoramiques sont également disponibles à la vente, sur commande, par téléphone ou par email. Contactez-nous au +41 27 771 7722 ou par email&nbsp;alpimages@verbier.ch. [&hellip;]
