{"id":535,"date":"2015-11-05T13:32:50","date_gmt":"2015-11-05T13:32:50","guid":{"rendered":"https:\/\/alpimages.ch\/?post_type=jetpack-portfolio&#038;p=535"},"modified":"2021-03-12T14:18:12","modified_gmt":"2021-03-12T14:18:12","slug":"paysage","status":"publish","type":"jetpack-portfolio","link":"https:\/\/alpimages.ch\/en\/portfolio\/paysage\/","title":{"rendered":"Landscape"},"content":{"rendered":"<p>Pour d\u00e9couvrir Verbier sous tous ses angles, venez nous rencontrer et admirer&nbsp;nos panoramiques que nous pouvons vous tirer en multiples formats, en noir et blanc ou en couleur selon votre choix. Nos panoramiques sont \u00e9galement disponibles \u00e0 la vente, sur commande, par t\u00e9l\u00e9phone ou par email.<\/p>\n<p>Contact us to +41 27 771 7722 or by email&nbsp;<a href=\"mailto:alpimages@verbier.ch\" target=\"_blank\" rel=\"noopener noreferrer\">alpimages@verbier.ch<\/a>.<\/p>\n<p>Come to meet us to the store every day of the winter season and summer:<br>Winter: of 9:00 am at 12:30 am and of 2:30 pm at 7:00 pm<br>Summer: of 9:30 am at 12:30 am and of 2:30 pm at 6:30 pm<\/p>\n<h6><em>Toutes les images ici pr\u00e9sent\u00e9es sont la propri\u00e9t\u00e9 d\u2019Alpimages et prot\u00e9g\u00e9es par la loi n\u00b092-597 du 1er juillet 1992 sur le code de la propri\u00e9t\u00e9 intellectuelle.<\/em><\/h6>\n<h6>&nbsp;<\/h6>\n\n\n<figure class=\"wp-block-gallery columns-0 is-cropped wp-block-gallery-1 is-layout-flex wp-block-gallery-is-layout-flex\"><ul class=\"blocks-gallery-grid\"><\/ul><\/figure>\n\n\n\n<p><\/p>","protected":false},"excerpt":{"rendered":"<p>Pour d\u00e9couvrir Verbier sous tous ses angles, venez nous rencontrer et admirer&nbsp;nos panoramiques que nous pouvons vous tirer en multiples formats, en noir et blanc ou en couleur selon votre choix. Nos panoramiques sont \u00e9galement disponibles \u00e0 la vente, sur commande, par t\u00e9l\u00e9phone ou par email. Contactez-nous au +41 27 771 7722 ou par email&nbsp;alpimages@verbier.ch. [&hellip;]<\/p>\n","protected":false},"author":1,"featured_media":6408,"comment_status":"closed","ping_status":"closed","template":"","format":"standard","meta":{"ngg_post_thumbnail":0,"footnotes":"","jetpack_publicize_message":"","jetpack_publicize_feature_enabled":true,"jetpack_social_post_already_shared":false,"jetpack_social_options":{"image_generator_settings":{"template":"highway","default_image_id":0,"font":"","enabled":false},"version":2},"_wpas_customize_per_network":false},"jetpack-portfolio-type":[],"jetpack-portfolio-tag":[],"class_list":["post-535","jetpack-portfolio","type-jetpack-portfolio","status-publish","format-standard","has-post-thumbnail","hentry"],"yoast_head":"<!-- This site is optimized with the Yoast SEO plugin v27.5 - https:\/\/yoast.com\/product\/yoast-seo-wordpress\/ -->\n<title>Paysage - Photographes professionnels - Galerie photos &amp; affiches - Verbier<\/title>\n<meta name=\"robots\" content=\"index, follow, max-snippet:-1, max-image-preview:large, max-video-preview:-1\" \/>\n<link rel=\"canonical\" href=\"https:\/\/alpimages.ch\/en\/portfolio\/paysage\/\" \/>\n<meta property=\"og:locale\" content=\"en_US\" \/>\n<meta property=\"og:type\" content=\"article\" \/>\n<meta property=\"og:title\" content=\"Paysage - Photographes professionnels - Galerie photos &amp; affiches - Verbier\" \/>\n<meta property=\"og:description\" content=\"Pour d\u00e9couvrir Verbier sous tous ses angles, venez nous rencontrer et admirer&nbsp;nos panoramiques que nous pouvons vous tirer en multiples formats, en noir et blanc ou en couleur selon votre choix. Nos panoramiques sont \u00e9galement disponibles \u00e0 la vente, sur commande, par t\u00e9l\u00e9phone ou par email. Contactez-nous au +41 27 771 7722 ou par email&nbsp;alpimages@verbier.ch. [&hellip;]\" \/>\n<meta property=\"og:url\" content=\"https:\/\/alpimages.ch\/en\/portfolio\/paysage\/\" \/>\n<meta property=\"og:site_name\" content=\"Photographes professionnels - Galerie photos &amp; affiches - Verbier\" \/>\n<meta property=\"article:modified_time\" content=\"2021-03-12T14:18:12+00:00\" \/>\n<meta property=\"og:image\" content=\"https:\/\/alpimages.ch\/wp-content\/uploads\/2015\/11\/\u00a9Alpimages-Thomas-Roulin-7805-1024x521.jpg\" \/>\n\t<meta property=\"og:image:width\" content=\"1024\" \/>\n\t<meta property=\"og:image:height\" content=\"521\" \/>\n\t<meta property=\"og:image:type\" content=\"image\/jpeg\" \/>\n<meta name=\"twitter:card\" content=\"summary_large_image\" \/>\n<meta name=\"twitter:label1\" content=\"Est. reading time\" \/>\n\t<meta name=\"twitter:data1\" content=\"1 minute\" \/>\n<script type=\"application\/ld+json\" class=\"yoast-schema-graph\">{\"@context\":\"https:\\\/\\\/schema.org\",\"@graph\":[{\"@type\":\"WebPage\",\"@id\":\"https:\\\/\\\/alpimages.ch\\\/portfolio\\\/paysage\\\/\",\"url\":\"https:\\\/\\\/alpimages.ch\\\/portfolio\\\/paysage\\\/\",\"name\":\"Paysage - Photographes professionnels - Galerie photos &amp; affiches - Verbier\",\"isPartOf\":{\"@id\":\"https:\\\/\\\/alpimages.ch\\\/#website\"},\"primaryImageOfPage\":{\"@id\":\"https:\\\/\\\/alpimages.ch\\\/portfolio\\\/paysage\\\/#primaryimage\"},\"image\":{\"@id\":\"https:\\\/\\\/alpimages.ch\\\/portfolio\\\/paysage\\\/#primaryimage\"},\"thumbnailUrl\":\"https:\\\/\\\/i0.wp.com\\\/alpimages.ch\\\/wp-content\\\/uploads\\\/2015\\\/11\\\/%C2%A9Alpimages-Thomas-Roulin-7805.jpg?fit=6814%2C3466&ssl=1\",\"datePublished\":\"2015-11-05T13:32:50+00:00\",\"dateModified\":\"2021-03-12T14:18:12+00:00\",\"breadcrumb\":{\"@id\":\"https:\\\/\\\/alpimages.ch\\\/portfolio\\\/paysage\\\/#breadcrumb\"},\"inLanguage\":\"en-US\",\"potentialAction\":[{\"@type\":\"ReadAction\",\"target\":[\"https:\\\/\\\/alpimages.ch\\\/portfolio\\\/paysage\\\/\"]}]},{\"@type\":\"ImageObject\",\"inLanguage\":\"en-US\",\"@id\":\"https:\\\/\\\/alpimages.ch\\\/portfolio\\\/paysage\\\/#primaryimage\",\"url\":\"https:\\\/\\\/i0.wp.com\\\/alpimages.ch\\\/wp-content\\\/uploads\\\/2015\\\/11\\\/%C2%A9Alpimages-Thomas-Roulin-7805.jpg?fit=6814%2C3466&ssl=1\",\"contentUrl\":\"https:\\\/\\\/i0.wp.com\\\/alpimages.ch\\\/wp-content\\\/uploads\\\/2015\\\/11\\\/%C2%A9Alpimages-Thomas-Roulin-7805.jpg?fit=6814%2C3466&ssl=1\",\"width\":6814,\"height\":3466},{\"@type\":\"BreadcrumbList\",\"@id\":\"https:\\\/\\\/alpimages.ch\\\/portfolio\\\/paysage\\\/#breadcrumb\",\"itemListElement\":[{\"@type\":\"ListItem\",\"position\":1,\"name\":\"Accueil\",\"item\":\"https:\\\/\\\/alpimages.ch\\\/\"},{\"@type\":\"ListItem\",\"position\":2,\"name\":\"Projets\",\"item\":\"https:\\\/\\\/alpimages.ch\\\/portfolio\\\/\"},{\"@type\":\"ListItem\",\"position\":3,\"name\":\"Paysage\"}]},{\"@type\":\"WebSite\",\"@id\":\"https:\\\/\\\/alpimages.ch\\\/#website\",\"url\":\"https:\\\/\\\/alpimages.ch\\\/\",\"name\":\"Photographes professionnels - Galerie photos &amp; affiches - Verbier\",\"description\":\"Photographes professionnels bas\u00e9s \u00e0 Verbier, nous offrons diff\u00e9rents services comme l&#039;impression photo, l&#039;encadrement, la vente d&#039;affiches et de posters et l&#039;organisation d&#039;\u00e9v\u00e8nements priv\u00e9s.\",\"potentialAction\":[{\"@type\":\"SearchAction\",\"target\":{\"@type\":\"EntryPoint\",\"urlTemplate\":\"https:\\\/\\\/alpimages.ch\\\/?s={search_term_string}\"},\"query-input\":{\"@type\":\"PropertyValueSpecification\",\"valueRequired\":true,\"valueName\":\"search_term_string\"}}],\"inLanguage\":\"en-US\"}]}<\/script>\n<!-- \/ Yoast SEO plugin. -->","yoast_head_json":{"title":"Paysage - Photographes professionnels - Galerie photos &amp; affiches - Verbier","robots":{"index":"index","follow":"follow","max-snippet":"max-snippet:-1","max-image-preview":"max-image-preview:large","max-video-preview":"max-video-preview:-1"},"canonical":"https:\/\/alpimages.ch\/en\/portfolio\/paysage\/","og_locale":"en_US","og_type":"article","og_title":"Paysage - Photographes professionnels - Galerie photos &amp; affiches - Verbier","og_description":"Pour d\u00e9couvrir Verbier sous tous ses angles, venez nous rencontrer et admirer&nbsp;nos panoramiques que nous pouvons vous tirer en multiples formats, en noir et blanc ou en couleur selon votre choix. Nos panoramiques sont \u00e9galement disponibles \u00e0 la vente, sur commande, par t\u00e9l\u00e9phone ou par email. Contactez-nous au +41 27 771 7722 ou par email&nbsp;alpimages@verbier.ch. [&hellip;]","og_url":"https:\/\/alpimages.ch\/en\/portfolio\/paysage\/","og_site_name":"Photographes professionnels - Galerie photos &amp; affiches - Verbier","article_modified_time":"2021-03-12T14:18:12+00:00","og_image":[{"width":1024,"height":521,"url":"https:\/\/alpimages.ch\/wp-content\/uploads\/2015\/11\/\u00a9Alpimages-Thomas-Roulin-7805-1024x521.jpg","type":"image\/jpeg"}],"twitter_card":"summary_large_image","twitter_misc":{"Est. reading time":"1 minute"},"schema":{"@context":"https:\/\/schema.org","@graph":[{"@type":"WebPage","@id":"https:\/\/alpimages.ch\/portfolio\/paysage\/","url":"https:\/\/alpimages.ch\/portfolio\/paysage\/","name":"Paysage - Photographes professionnels - Galerie photos &amp; affiches - Verbier","isPartOf":{"@id":"https:\/\/alpimages.ch\/#website"},"primaryImageOfPage":{"@id":"https:\/\/alpimages.ch\/portfolio\/paysage\/#primaryimage"},"image":{"@id":"https:\/\/alpimages.ch\/portfolio\/paysage\/#primaryimage"},"thumbnailUrl":"https:\/\/i0.wp.com\/alpimages.ch\/wp-content\/uploads\/2015\/11\/%C2%A9Alpimages-Thomas-Roulin-7805.jpg?fit=6814%2C3466&ssl=1","datePublished":"2015-11-05T13:32:50+00:00","dateModified":"2021-03-12T14:18:12+00:00","breadcrumb":{"@id":"https:\/\/alpimages.ch\/portfolio\/paysage\/#breadcrumb"},"inLanguage":"en-US","potentialAction":[{"@type":"ReadAction","target":["https:\/\/alpimages.ch\/portfolio\/paysage\/"]}]},{"@type":"ImageObject","inLanguage":"en-US","@id":"https:\/\/alpimages.ch\/portfolio\/paysage\/#primaryimage","url":"https:\/\/i0.wp.com\/alpimages.ch\/wp-content\/uploads\/2015\/11\/%C2%A9Alpimages-Thomas-Roulin-7805.jpg?fit=6814%2C3466&ssl=1","contentUrl":"https:\/\/i0.wp.com\/alpimages.ch\/wp-content\/uploads\/2015\/11\/%C2%A9Alpimages-Thomas-Roulin-7805.jpg?fit=6814%2C3466&ssl=1","width":6814,"height":3466},{"@type":"BreadcrumbList","@id":"https:\/\/alpimages.ch\/portfolio\/paysage\/#breadcrumb","itemListElement":[{"@type":"ListItem","position":1,"name":"Accueil","item":"https:\/\/alpimages.ch\/"},{"@type":"ListItem","position":2,"name":"Projets","item":"https:\/\/alpimages.ch\/portfolio\/"},{"@type":"ListItem","position":3,"name":"Paysage"}]},{"@type":"WebSite","@id":"https:\/\/alpimages.ch\/#website","url":"https:\/\/alpimages.ch\/","name":"Photographes professionnels - Galerie photos &amp; affiches - Verbier","description":"Photographes professionnels bas\u00e9s \u00e0 Verbier, nous offrons diff\u00e9rents services comme l&#039;impression photo, l&#039;encadrement, la vente d&#039;affiches et de posters et l&#039;organisation d&#039;\u00e9v\u00e8nements priv\u00e9s.","potentialAction":[{"@type":"SearchAction","target":{"@type":"EntryPoint","urlTemplate":"https:\/\/alpimages.ch\/?s={search_term_string}"},"query-input":{"@type":"PropertyValueSpecification","valueRequired":true,"valueName":"search_term_string"}}],"inLanguage":"en-US"}]}},"jetpack_publicize_connections":[],"jetpack_sharing_enabled":true,"jetpack_likes_enabled":true,"_links":{"self":[{"href":"https:\/\/alpimages.ch\/en\/wp-json\/wp\/v2\/jetpack-portfolio\/535","targetHints":{"allow":["GET"]}}],"collection":[{"href":"https:\/\/alpimages.ch\/en\/wp-json\/wp\/v2\/jetpack-portfolio"}],"about":[{"href":"https:\/\/alpimages.ch\/en\/wp-json\/wp\/v2\/types\/jetpack-portfolio"}],"author":[{"embeddable":true,"href":"https:\/\/alpimages.ch\/en\/wp-json\/wp\/v2\/users\/1"}],"replies":[{"embeddable":true,"href":"https:\/\/alpimages.ch\/en\/wp-json\/wp\/v2\/comments?post=535"}],"version-history":[{"count":17,"href":"https:\/\/alpimages.ch\/en\/wp-json\/wp\/v2\/jetpack-portfolio\/535\/revisions"}],"predecessor-version":[{"id":9385,"href":"https:\/\/alpimages.ch\/en\/wp-json\/wp\/v2\/jetpack-portfolio\/535\/revisions\/9385"}],"wp:featuredmedia":[{"embeddable":true,"href":"https:\/\/alpimages.ch\/en\/wp-json\/wp\/v2\/media\/6408"}],"wp:attachment":[{"href":"https:\/\/alpimages.ch\/en\/wp-json\/wp\/v2\/media?parent=535"}],"wp:term":[{"taxonomy":"jetpack-portfolio-type","embeddable":true,"href":"https:\/\/alpimages.ch\/en\/wp-json\/wp\/v2\/jetpack-portfolio-type?post=535"},{"taxonomy":"jetpack-portfolio-tag","embeddable":true,"href":"https:\/\/alpimages.ch\/en\/wp-json\/wp\/v2\/jetpack-portfolio-tag?post=535"}],"curies":[{"name":"wp","href":"https:\/\/api.w.org\/{rel}","templated":true}]}}

<p>Pour découvrir Verbier sous tous ses angles, venez nous rencontrer et admirer&nbsp;nos panoramiques que nous pouvons vous tirer en multiples formats, en noir et blanc ou en couleur selon votre choix. Nos panoramiques sont également disponibles à la vente, sur commande, par téléphone ou par email.</p>
<p>Contact us to +41 27 771 7722 or by email&nbsp;<a href="mailto:alpimages@verbier.ch" target="_blank" rel="noopener noreferrer">alpimages@verbier.ch</a>.</p>
<p>Come to meet us to the store every day of the winter season and summer:<br>Winter: of 9:00 am at 12:30 am and of 2:30 pm at 7:00 pm<br>Summer: of 9:30 am at 12:30 am and of 2:30 pm at 6:30 pm</p>
<h6><em>Toutes les images ici présentées sont la propriété d’Alpimages et protégées par la loi n°92-597 du 1er juillet 1992 sur le code de la propriété intellectuelle.</em></h6>
<h6>&nbsp;</h6>


<figure class="wp-block-gallery columns-0 is-cropped wp-block-gallery-1 is-layout-flex wp-block-gallery-is-layout-flex"><ul class="blocks-gallery-grid"></ul></figure>



<p></p>

<p>Pour découvrir Verbier sous tous ses angles, venez nous rencontrer et admirer&nbsp;nos panoramiques que nous pouvons vous tirer en multiples formats, en noir et blanc ou en couleur selon votre choix. Nos panoramiques sont également disponibles à la vente, sur commande, par téléphone ou par email. Contactez-nous au +41 27 771 7722 ou par email&nbsp;alpimages@verbier.ch. [&hellip;]</p>

<!-- This site is optimized with the Yoast SEO plugin v27.5 - https://yoast.com/product/yoast-seo-wordpress/ -->
<title>Paysage - Photographes professionnels - Galerie photos &amp; affiches - Verbier</title>
<meta name="robots" content="index, follow, max-snippet:-1, max-image-preview:large, max-video-preview:-1" />
<link rel="canonical" href="https://alpimages.ch/en/portfolio/paysage/" />
<meta property="og:locale" content="en_US" />
<meta property="og:type" content="article" />
<meta property="og:title" content="Paysage - Photographes professionnels - Galerie photos &amp; affiches - Verbier" />
<meta property="og:description" content="Pour découvrir Verbier sous tous ses angles, venez nous rencontrer et admirer&nbsp;nos panoramiques que nous pouvons vous tirer en multiples formats, en noir et blanc ou en couleur selon votre choix. Nos panoramiques sont également disponibles à la vente, sur commande, par téléphone ou par email. Contactez-nous au +41 27 771 7722 ou par email&nbsp;alpimages@verbier.ch. [&hellip;]" />
<meta property="og:url" content="https://alpimages.ch/en/portfolio/paysage/" />
<meta property="og:site_name" content="Photographes professionnels - Galerie photos &amp; affiches - Verbier" />
<meta property="article:modified_time" content="2021-03-12T14:18:12+00:00" />
<meta property="og:image" content="https://alpimages.ch/wp-content/uploads/2015/11/©Alpimages-Thomas-Roulin-7805-1024x521.jpg" />
	<meta property="og:image:width" content="1024" />
	<meta property="og:image:height" content="521" />
	<meta property="og:image:type" content="image/jpeg" />
<meta name="twitter:card" content="summary_large_image" />
<meta name="twitter:label1" content="Est. reading time" />
	<meta name="twitter:data1" content="1 minute" />
<script type="application/ld+json" class="yoast-schema-graph">{"@context":"https:\/\/schema.org","@graph":[{"@type":"WebPage","@id":"https:\/\/alpimages.ch\/portfolio\/paysage\/","url":"https:\/\/alpimages.ch\/portfolio\/paysage\/","name":"Paysage - Photographes professionnels - Galerie photos &amp; affiches - Verbier","isPartOf":{"@id":"https:\/\/alpimages.ch\/#website"},"primaryImageOfPage":{"@id":"https:\/\/alpimages.ch\/portfolio\/paysage\/#primaryimage"},"image":{"@id":"https:\/\/alpimages.ch\/portfolio\/paysage\/#primaryimage"},"thumbnailUrl":"https:\/\/i0.wp.com\/alpimages.ch\/wp-content\/uploads\/2015\/11\/%C2%A9Alpimages-Thomas-Roulin-7805.jpg?fit=6814%2C3466&ssl=1","datePublished":"2015-11-05T13:32:50+00:00","dateModified":"2021-03-12T14:18:12+00:00","breadcrumb":{"@id":"https:\/\/alpimages.ch\/portfolio\/paysage\/#breadcrumb"},"inLanguage":"en-US","potentialAction":[{"@type":"ReadAction","target":["https:\/\/alpimages.ch\/portfolio\/paysage\/"]}]},{"@type":"ImageObject","inLanguage":"en-US","@id":"https:\/\/alpimages.ch\/portfolio\/paysage\/#primaryimage","url":"https:\/\/i0.wp.com\/alpimages.ch\/wp-content\/uploads\/2015\/11\/%C2%A9Alpimages-Thomas-Roulin-7805.jpg?fit=6814%2C3466&ssl=1","contentUrl":"https:\/\/i0.wp.com\/alpimages.ch\/wp-content\/uploads\/2015\/11\/%C2%A9Alpimages-Thomas-Roulin-7805.jpg?fit=6814%2C3466&ssl=1","width":6814,"height":3466},{"@type":"BreadcrumbList","@id":"https:\/\/alpimages.ch\/portfolio\/paysage\/#breadcrumb","itemListElement":[{"@type":"ListItem","position":1,"name":"Accueil","item":"https:\/\/alpimages.ch\/"},{"@type":"ListItem","position":2,"name":"Projets","item":"https:\/\/alpimages.ch\/portfolio\/"},{"@type":"ListItem","position":3,"name":"Paysage"}]},{"@type":"WebSite","@id":"https:\/\/alpimages.ch\/#website","url":"https:\/\/alpimages.ch\/","name":"Photographes professionnels - Galerie photos &amp; affiches - Verbier","description":"Photographes professionnels basés à Verbier, nous offrons différents services comme l&#039;impression photo, l&#039;encadrement, la vente d&#039;affiches et de posters et l&#039;organisation d&#039;évènements privés.","potentialAction":[{"@type":"SearchAction","target":{"@type":"EntryPoint","urlTemplate":"https:\/\/alpimages.ch\/?s={search_term_string}"},"query-input":{"@type":"PropertyValueSpecification","valueRequired":true,"valueName":"search_term_string"}}],"inLanguage":"en-US"}]}</script>
<!-- / Yoast SEO plugin. -->

Pour découvrir Verbier sous tous ses angles, venez nous rencontrer et admirer&nbsp;nos panoramiques que nous pouvons vous tirer en multiples formats, en noir et blanc ou en couleur selon votre choix. Nos panoramiques sont également disponibles à la vente, sur commande, par téléphone ou par email. Contactez-nous au +41 27 771 7722 ou par email&nbsp;alpimages@verbier.ch. [&hellip;]

Photographes professionnels basés à Verbier, nous offrons différents services comme l&#039;impression photo, l&#039;encadrement, la vente d&#039;affiches et de posters et l&#039;organisation d&#039;évènements privés.
